Let y(n) = -8*n + 2. Let d(w) = 7*w + 3*w - w - 2. Let a be (8/(-24))/(-1 + 8/9). Let t(k) = a*y(k) + 2*d(k). Calculate t(2).
-10
Let c(z) be the first derivative of 5*z**2/2 - z + 13. Suppose 4*p + 2 = 14. Suppose -3*f + 2*s + p = 2*f, 3*f - 5*s = -2. Calculate c(f).
4
Let u be ((-17)/2)/(3/6). Let h = u - -11. Let a = 8 + h. Let j(p) = -p**2 - p + 1. Calculate j(a).
-5
Let c(y) = -8*y - 48. Let j be c(-5). Let r(h) = -h. What is r(j)?
8
Let f(i) = -2*i**2 - 5*i - 12. Let c be f(-3). Let x(q) = q**2 + 15*q + 6. Give x(c).
6
Let d be ((-2)/(-2))/((-2)/(-4)). Let a(r) = 3*r**2 - 4*r**d + 70 - 70. Determine a(3).
-9
Let h(v) = v**2 - 2*v - 4. Let x(y) = 9*y - 142. Let q be x(16). Calculate h(q).
-4
Let x be (8/(-10))/(33/(-15) + 2). Let i(p) = 3*p + 8 - x - p**2 - 4. Calculate i(5).
-10
Let m(d) = d**3 + 3*d**2 - d - 2. Suppose -6*l = -x - 8*l + 2, 5*x + 4*l = -2. What is m(x)?
4
Let s(d) = 2*d**2 + 9 - 92*d**3 - 5*d**2 - 106*d**3 + 199*d**3. What is s(0)?
9
Let c(r) = 4*r + 5. Let d = -906 - -903. Calculate c(d).
-7
Let p(o) = 6*o**3 + 8*o**2 - 4*o + 3. Let d(z) = -z**3 - z**2 + z - 1. Suppose -5*j + 2*j + 3 = 0. Let i(x) = j*p(x) + 5*d(x). Give i(-3).
-5
Let g be 4 - (-3 - (-2 + -4)). Suppose -3*p = 2*p - 10. Let u(c) = -p*c - 5*c + c. Determine u(g).
-6
Let v(g) = g**3 - 8*g**2 + 9*g - 8. Let i(y) = -y**2 + 13*y - 24. Let q be 6/(-4)*(-80)/12. Let o be i(q). Calculate v(o).
-26
Let s(h) = 1 + 7 - 2*h + 5 + 4 + 2. Calculate s(11).
-3
Let s(f) be the second derivative of -f**5/20 + f**4/4 + 2*f**3/3 - 3*f**2 - 2*f. Let j be s(4). Let u(g) = -g**3 - 6*g**2 - g - 8. Calculate u(j).
-2
Let m(t) = -t**3 - 4*t**2 - t - 1. Let z = 78 + -142. Let k = -67 - z. Calculate m(k).
-7
Let x(v) = -3*v**2 - 3*v - 2. Let s be 3/9 + 24/(-18). Give x(s).
-2
Suppose -3*x + l = 26, -5*x + 3*l - 46 = 2*l. Let b be (-38)/(-6) - x/15. Let g(z) = z**3 + 2 - 4*z**3 + 2 + 7*z**2 - b*z + 2*z**3. What is g(6)?
-2
Let y(d) = -3*d**2 + 2*d + 2. Suppose 37*a - 32*a + 10 = 0. Let g be (16/16)/(a/(-4)). Give y(g).
-6
Let p(i) = -9*i**2 + 10 - 4*i**2 - 10*i**2 - 10*i + 24*i**2. Calculate p(7).
-11
Suppose j - 2*j + 27 = 0. Let u(k) = -83*k + 26*k + j*k - 1 + 31*k. Determine u(6).
5
Suppose -6 = -2*m - 2*k, -4*m - 3*k + 10 + 3 = 0. Suppose -5*t + l + 12 = -t, 2*t + 8 = m*l. Let p = t + 0. Let g(b) = b**2 - 6*b + 6. Calculate g(p).
-2
Let u(h) = -h**3 + 22*h**2 - h + 26. Suppose 3*z = -3*o + 78, -90 = -5*o - 23*z + 28*z. What is u(o)?
4
Suppose 2*l = 4 - 0, 0 = 3*n + 4*l - 35. Let b(r) = -3*r - 7 - 7*r + 0*r - 3 + 11*r. Give b(n).
-1
Let f = 663 + -663. Let p(t) be the second derivative of t**5/20 + t**3/6 - 2*t**2 - 2*t. Calculate p(f).
-4
Suppose 50 = 2*s - 4*n, -4*s + 5*n + 131 = 34. Let c = -21 + s. Let j(t) = c*t - t + t**2 - 6 + 1. What is j(0)?
-5
Let a = -998 - -991. Let z(t) be the second derivative of -t**5/20 - 2*t**4/3 - 4*t**3/3 - 3*t**2 + t. What is z(a)?
1
Let f(s) = s**3 + 5*s**2 - 7. Suppose 2*x - 4*p + 18 = 0, x - p - 18 = 5*x. Determine f(x).
-7
Let i(w) = 3*w - 3. Suppose 2*p + 0*p = 20. Let t = -8 - -8. Suppose t*h - 5*h = -p. Calculate i(h).
3
Let r = -290 - -287. Let m(k) be the second derivative of -k**5/20 - k**4/3 + k**2 + 2*k. What is m(r)?
-7
Let a(n) = n**3 - 3*n**2 - 2*n. Let z(m) = -66*m + 3. Let u be z(0). Determine a(u).
-6
Let z(i) = -i**2 + 3*i + 3. Suppose 0 = 916*x - 921*x + 25. Calculate z(x).
-7
Let x(s) be the first derivative of s**4/4 - 2*s**3 - s**2 + 24*s + 206. Determine x(6).
12
Let d = 5 + -5. Let h = d + -1. Let i(c) be the third derivative of -c**4/4 + 16*c**2. Determine i(h).
6
Let d = 45 - 32. Let z(x) = x - 10. Let p be z(d). Let h be 1 + -8 + p + -1. Let t(y) = y**3 + 4*y**2 - 4*y. What is t(h)?
-5
Let w be (-24)/(-10)*(-6 - -1). Let d be 122/6 + w/(-18). Let u be 225/35 - 9/d. Let i(x) = -x**3 + 5*x**2 + 8*x + 5. Give i(u).
17
Let w(t) = t**3 + 12*t**2 - 9*t - 11. Let z(p) = 3*p**3 + 24*p**2 - 18*p - 20. Let k(b) = 5*w(b) - 2*z(b). What is k(11)?
7
Let s(x) = x**3 - 5*x**2 + 2*x - 4. Let b = -45 + 39. Let u be (b - -10) + (2 - 1). Determine s(u).
6
Let f(m) = 4*m**2 + m. Suppose -3*s = 2*n - 2, 4*s - 5*n = -2*n - 20. Let r be (-1 - 0) + s*2/4. Give f(r).
14
Suppose l = 2*y - 14, 5*y + 7 = 5*l + 72. Let w(t) = t**2 + 10*t - 2. Calculate w(l).
22
Let c(w) = -21*w. Let v be c(-1). Let b = -21 + v. Let m(f) be the second derivative of f**5/20 - f**4/12 - f**2 - 3*f. What is m(b)?
-2
Let q(s) = -3*s + 41. Suppose 0 = 3*z + 3*j + 54, -3*j - 7 - 87 = 5*z. Let a = 15 + z. Let r(k) = 2*k - 27. Let m(d) = a*q(d) - 8*r(d). Determine m(5).
6
Let m(t) = -t**2 - t + 3. Let g(n) = 8*n - 86. Let f be g(11). Calculate m(f).
-3
Suppose -5*g + 115 = -10*g. Let p = -17 - g. Let k(t) be the third derivative of -t**6/120 + t**5/12 + 5*t**4/24 + t**2. Calculate k(p).
-6
Let f(m) be the second derivative of m**4/12 - m**3/2 - m**2/2 + 83*m. Give f(-4).
27
Suppose 3*w + 24 = -2*b + 32, 2 = -5*b - 2*w. Let k(g) = 3*g**2 + 7*g + 5. Calculate k(b).
3
Let c(x) = 19*x - 52*x + 17*x - 9 + 20*x. Determine c(10).
31
Let g be ((-21)/14)/((-6)/(-8)). Let c(o) = o + 1. Calculate c(g).
-1
Suppose 28*h + 107 = -5. Let c(s) be the first derivative of s**4/4 + 2*s**3 + 7*s**2/2 + 4*s - 7. What is c(h)?
8
Let q(x) = x - 1 + 2*x**2 - 13*x**3 - 3*x**2 + 2*x**2 + 12*x**3 + 11*x**3. Let w(i) = i**2 - i - 1. Let c be w(2). What is q(c)?
11
Let z(n) be the first derivative of -4*n**2 - 1/3*n**3 + 36 + 3*n. Give z(-5).
18
Let q(p) = -3*p - 9. Let z = 1646 - 1650. Give q(z).
3
Let u be ((-2)/3)/(6/90). Let g = -17 - u. Let m(r) be the first derivative of r**4/4 + 8*r**3/3 + 7*r**2/2 + 4*r - 2. Determine m(g).
4
Suppose -3*m - 5*z - 14 = 0, -2*z - z = m + 10. Let j(n) = -1 - n**m - n + 9*n - 2*n - 5*n. Give j(1).
-1
Let g(y) = 2*y + 3. Suppose 0 = -6*j + 2*j + 68. Suppose 13 + j = 6*v. Give g(v).
13
Let m(h) = -h**2 - h - 1. Let p(z) = 2*z**3 - z + 1. Let o(d) = -m(d) + p(d). What is o(-3)?
-43
Let s(g) be the third derivative of -g**5/60 + g**4/4 + g**3 + g**2 - 91. What is s(-6)?
-66
Let w(t) = 5*t + 3. Let d(g) = 6*g + 4. Suppose -v + 3*f = 3*v - 11, -3 = -3*v + 4*f. Let s(x) = v*w(x) - 4*d(x). Let b = 5 + 1. Give s(b).
5
Let r(b) = -2*b + 1. Let o(u) = -2*u - 4. Let i be o(-4). Let j = i - 0. Suppose -j*l + 3*l - 5*g = 16, 0 = -2*g - 8. Determine r(l).
-7
Let c = 6 - 11. Let x(i) be the first derivative of -10*i**3/3 - 4*i**2 - 22*i - 20. Let y(n) = -3*n**2 - 3*n - 7. Let q(j) = 2*x(j) - 7*y(j). Determine q(c).
5
Let p(s) = s**3 + 7*s**2 + 7*s + 6. Let j be p(-6). Let f = j + 6. Let y(o) = -17*o - f + 2 + 3. What is y(1)?
-18
Let i(j) be the third derivative of j**6/120 - j**5/10 + 5*j**4/24 - j**3/2 - 6*j**2 + 17*j. Let n = -6 + 11. Determine i(n).
-3
Let h(b) = -1114*b + 4 - 2*b**2 + 1124*b + 3*b**2. Give h(-9).
-5
Let a(t) = t**3 - 5*t**2 + 2*t - 8. Let g be a(5). Let x(d) = 8*d**2 - 6*d**g + 4 - 5 + 6*d**2. Calculate x(1).
7
Let m be 2*3/(-60)*5/(-30). Let c(q) be the third derivative of 1/12*q**4 + 3*q**2 + 1/120*q**6 + 0*q**3 + m*q**5 + 0 + 0*q. Determine c(-2).
-8
Let b(h) be the third derivative of 0 - 1/6*h**4 + 1/6*h**3 + 0*h + 2*h**2. Let o(a) = a**2 + 19*a - 561. Let j be o(16). What is b(j)?
5
Let i(y) be the third derivative of y**4/24 + y**3/3 + 10*y**2. Let h be i(1). Suppose -h*c - 13 = 5. Let b(k) = -k - 7. Calculate b(c).
-1
Let w = -1456 + 1460. Suppose 18 = 2*c - 52. Suppose r = -y - 8, c = -w*y - 0*r - 5*r. Let b(s) = -s**2 - 5*s - 3. Give b(y).
-3
Let s(n) = -2*n**2 + n - 2. Let f(a) = 4*a**2 - 3*a + 4. Let i be 4 - (8 - 0)/2. Suppose -g + 6 + 0 = i. Let b(z) = g*f(z) + 13*s(z). What is b(-3)?
-5
Suppose -5*h + 12 = -8. Suppose -3*v + 5*q - h = 0, -3*v = -4*v - 4*q + 10. Let a(m) = 0 + 3 + 7*m**3 - 2 - m**v. Determine a(-1).
-7
Let u(v) = v**2 - 2*v - 11. Suppose 4*z = 20, 5*z - 47 + 4 = -3*p. Determine u(p).
13
Let u be 2/3 - 20/30. Suppose 0 = -u*h - 3*h + 9. Let y(t) = -h*t**2 + t + 0*t**2 + t**2. What is y(2)?
-6
Let d(f) = 13*f**3 - 3*f**2 - f - 1. Let x(i) = -7*i + 0 + 0*i + 4*i - 3 + 26*i**3 - 7*i**2. Let c(k) = -5*d(k) + 2*x(k). Calculate c(-1).
14
Let b(f) = -f**3 - 18*f**2 - f - 8. Let m be b(-18). Let v = 14 + -6. Let q = m - v. Let x(k) = 4*k - 2. Give x(q).
6
Let o = -5 - -6. Let m = 15 + -5. Let n(p) = 5*p. Let z(x) = -3*x. Let k(r